z + 78, -3*i - 83 = -5*z. Let u(k) = 18*k + 2. Let q be u(8). Let p = q - 34. What is the highest common divisor of z and p?
16
Let k = -61 - -92. Suppose 2*f = 19 + k. Calculate the greatest common divisor of 5 and f.
5
Let s(m) = m - 1. Let q(x) = -x**3 - 2*x**2 - x + 2. Let o be q(-2). Let i be s(o). Suppose -d = i*d - 572. What is the highest common divisor of d and 13?
13
Let a(t) = 3*t**2 + t + 12. Let o be a(0). Calculate the highest common divisor of o and 30.
6
Suppose -o + 68 = 2. Calculate the greatest common divisor of o and 44.
22
Let v = 7 + -3. Suppose 9*f = v*f + 55. Calculate the greatest common divisor of 1 and f.
1
Let i(d) = -d**3 - 3*d**2 + 5*d + 6. Let x be i(-4). Suppose o - x*o + 20 = 0. Let y = -17 - -37. What is the greatest common divisor of y and o?
20
Let n be 7/(14/52) - 1. What is the greatest common divisor of n and 250?
25
Let s(h) = 5*h**2 - 2*h + 2. Let m be (-1)/(3 - 14/4). Let b be s(m). What is the greatest common factor of 9 and b?
9
Let u = 99 + 48. Calculate the highest common factor of 21 and u.
21
Let n(t) = -251*t**3 + 2*t**2 - 1. Let p be n(-1). Suppose -2*z = 2*s - p, z + 3*s - 126 = -0*s. What is the greatest common factor of z and 14?
14
Let c = 95 - -59. Calculate the greatest common divisor of 14 and c.
14
Suppose 2*d - 18 = -0*d. Let b = d + -8. Calculate the highest common factor of 8 and b.
1
Let x = -3 + 7. Let m = x - 4. Suppose m*l + 5*l - 15 = 0, 0 = -5*u - l + 48. Calculate the highest common divisor of 81 and u.
9
Suppose i - 88 = -8. Suppose 0*w = 4*w - i. What is the highest common factor of w and 50?
10
Let n be (-3 - -2)/(1/(-8)). Let o be ((-18)/n)/(9/(-48)). Calculate the greatest common divisor of o and 3.
3
Let v = 622 - 418. What is the greatest common factor of 34 and v?
34
Let f be -1 + (1 - 28/(-1)). Suppose -m = -0*m. Suppose m = -k + 5, -4*x = -0*x + 3*k - 31. Calculate the highest common factor of f and x.
4
Let h be (-3862)/(-5) + (-2)/5. Suppose h - 133 = 3*r. Suppose -j + 75 + r = 4*w, -4*w = -j - 288. What is the greatest common factor of 9 and w?
9
Let y = -1 - -4. Suppose -6*m + 431 = -m - 3*j, -y*j + 9 = 0. Calculate the highest common divisor of m and 8.
8
Let z = 7 + -17. Let q = 25 + z. What is the highest common divisor of 10 and q?
5
Suppose 2*f + 3*c + 27 - 99 = 0, f - 4*c - 58 = 0. What is the greatest common factor of 6 and f?
6
Suppose 0 = -2*y - 0 + 72. Suppose -x = x - y. What is the highest common divisor of 18 and x?
18
Let r be (-1)/(-6) - 4109/(-42). Calculate the highest common divisor of 14 and r.
14
Let v(t) be the third derivative of -t**6/120 + 2*t**5/15 + 11*t**3/6 + t**2. Let m be v(8). Calculate the highest common factor of m and 121.
11
Let z be ((-3)/(-2))/((-3)/(-14)). Let n(d) = -d**2 + 8*d. Let b be n(z). Calculate the greatest common factor of b and 63.
7
Let k be 2 - (-4)/(-6)*-3. Suppose -k*g - h + 4*h = -59, 77 = 4*g + 3*h. What is the greatest common factor of 17 and g?
17
Suppose 2*m + 0*m = 6. Calculate the greatest common factor of 21 and m.
3
Let a(j) = -j**3 - j**2 + 5*j + 2. Let q be a(-3). Suppose -40 = x - q*x. Let g = 59 + 31. Calculate the highest common factor of x and g.
10
Suppose -2*y + 0*y + 210 = 3*d, -y - 210 = -3*d. Calculate the greatest common factor of d and 14.
14
Suppose 0 = 5*c - 8 + 3. What is the highest common factor of c and 1?
1
Let o(b) = b - 3. Let u be o(13). Calculate the greatest common divisor of 1 and u.
1
Let i = -3 + 6. Let r(o) = -26*o**i + 2 - 1 - o**2 - 1. Let h be r(-1). What is the highest common divisor of h and 5?
5
Suppose -6*u + 72 = 12. What is the greatest common factor of 20 and u?
10
Let r be (-3)/(-9) + 724/6. Let m(q) = -2*q + 1. Let n be m(-5). What is the highest common divisor of n and r?
11
Suppose 5*b = 2*b. Let c be -3 + 8/1 + b. Let r = 1 + 24. What is the highest common factor of c and r?
5
Let x(p) = -2*p - 10. Let g be x(-8). Let m be 6/g*(4 - -1). Suppose 2*v - 30 = -v. What is the greatest common factor of m and v?
5
Suppose -s + 105 = 4*s. Calculate the highest common divisor of 3 and s.
3
Let a(x) = x**3 + 21*x**2 + 10. Let n be a(-21). What is the greatest common factor of n and 10?
10
Suppose 0*g + 3*j - 97 = -5*g, -5*g + j = -81. Calculate the highest common factor of 119 and g.
17
Suppose 23 = -5*l + 453. Let k = l + -38. Calculate the highest common divisor of k and 12.
12
Let j(c) = -5*c - 11. Let x(z) = -6*z - 12. Let i(k) = -5*j(k) + 4*x(k). Let u be i(-5). Suppose -u + 50 = 3*a. Calculate the highest common divisor of a and 8.
8
Suppose -897 + 81 = -48*m. Let w(u) = u**2 - u - 3. Let q be (-2)/(-6) - (-26)/(-6). Let p be w(q). What is the greatest common divisor of m and p?
17
Let l = 133 - 77. What is the highest common divisor of 7 and l?
7
Let v = 3 - 1. Let i(y) = 2*y**2 - 2*y. Let t be i(v). Suppose m = t*r - 2*r - 54, 37 = r - 3*m. What is the greatest common divisor of 5 and r?
5
Suppose 0 = -6*j + j. Suppose 3*m - 6 = -j. Let u = 15 - -3. What is the highest common divisor of u and m?
2
Let p be ((-5 - 1) + 1)*-3. Calculate the greatest common divisor of p and 105.
15
Suppose -2*v + 2 = -2. What is the highest common factor of 5 and v?
1
Let d(j) = 5*j - 6. Let c be d(7). Let t(o) = -o**3 - 8*o**2 - 10*o - 7. Let w be t(-8). Let n = w - c. What is the highest common divisor of n and 4?
4
Let y = 5 - 5. Suppose y = -0*w - w + 7. Calculate the greatest common divisor of w and 56.
7
Suppose -2*j + n = -39, 0*j + 74 = 4*j + 2*n. What is the greatest common divisor of 133 and j?
19
Suppose 4 = 3*f - 26. What is the greatest common divisor of 70 and f?
10
Let o be -3*(-2 - (-8)/(-6)). Suppose 3*d - 1688 = -x, 3*x = 5*d - x - 2802. Let s be 3/(-12) + d/8. What is the highest common divisor of s and o?
10
Suppose -5*t = -2*t + 18. Let o(w) = -w**2 - 8*w + 3. Let v be o(t). Let b(i) = i + 3. Let z be b(3). Calculate the highest common factor of v and z.
3
Suppose 6*u - 16 = -4. What is the greatest common divisor of 6 and u?
2
Suppose -5*b - 45 = 5*x, -5 + 20 = -2*x + b. Suppose 0 = -4*o + 50 - 10. Let i = x + o. What is the greatest common factor of 3 and i?
1
Suppose 3*r + 8 = r, -5*n - 2*r + 372 = 0. Suppose -4 = -f + 3*f. Let o be 3 - -15 - (f - -1). Calculate the highest common factor of o and n.
19
Suppose 3*k - 245 = -2*k. Let s = 105 + -98. Calculate the highest common divisor of k and s.
7
Suppose -2*v = -6*v + 32. Let h = v - -7. What is the greatest common divisor of 6 and h?
3
Let f = 13 - 5. Let a = 62 - 42. What is the highest common factor of a and f?
4
Let f be -12*(3/(-2) - -2). Let x be (-4)/(-12) + (-22)/f. Suppose -x*a + 11 = a - 3*z, 2*a = 2*z + 6. Calculate the highest common divisor of a and 8.
1
Let m(o) = 2*o**2 + 6*o + 1. Let t be m(-5). Calculate the highest common factor of t and 42.
21
Let k(z) = 27*z**2 - z + 2. Let b(a) = -a**2 + 8*a - 8. Let q be b(6). Let v = q - 2. Let u be k(v). Calculate the highest common divisor of u and 12.
12
Suppose 0 = -4*x - 2*n + 31 - 101, 0 = 2*n + 10. Let v be x/(((-1)/(-1))/(-11)). What is the greatest common factor of v and 15?
15
Let b(j) = -j**3 - 6*j**2 - 2*j - 9. Let r be b(-6). Let q(a) = 6*a + 3. Let v be q(r). Calculate the highest common factor of v and 105.
21
Let l(y) = -y**2 + 3*y + 4. Let n be l(3). Suppose -117 = -3*j - 0*j. Suppose -g - j = -n*g. Calculate the greatest common divisor of g and 13.
13
Suppose -48 = -3*a - a. Let d be (-2 - (-1 + a))*-1. Let f be ((-8)/3)/(4/(-78)). What is the highest common factor of d and f?
13
Suppose 0 = -3*l + q + q + 40, 2*l = 3*q + 25. Suppose 5*s - 73 = -z, z + 191 = 3*z + s. What is the highest common divisor of z and l?
14
Let v(b) = 15*b**2 - b + 2. Let l(m) = m**2 + 5*m + 4. Let t be l(-3). Let k be v(t). Calculate the greatest common factor of 8 and k.
8
Suppose -62 = i - 3*i. Let g be (i + -7)*5/2. Calculate the highest common factor of 24 and g.
12
Suppose 53 = 4*y - 39. What is the greatest common factor of y and 23?
23
Let j = -5 - -25. Let o(c) = 14*c - 6. Let f be o(1). Calculate the greatest common factor of j and f.
4
Let k = -535 + 230. Let o = -217 - k. Calculate the highest common divisor of o and 22.
22
Let k(o) = 11*o - 1. Suppose 4*z - 3 = 5*u, u - 2*z = -u - 2. Let d be k(u). Calculate the greatest common divisor of 